{"version":"1.0","provider_name":"Shalom","provider_url":"https:\/\/www.shalom.it","title":"Nuggets di pollo - Shalom","type":"rich","width":600,"height":338,"html":"<blockquote class=\"wp-embedded-content\" data-secret=\"sTRB6mvEA6\"><a href=\"https:\/\/www.shalom.it\/cultura\/nuggets-di-pollo\/\">Nuggets di pollo<\/a><\/blockquote><iframe sandbox=\"allow-scripts\" security=\"restricted\" src=\"https:\/\/www.shalom.it\/cultura\/nuggets-di-pollo\/embed\/#?secret=sTRB6mvEA6\" width=\"600\" height=\"338\" title=\"&#8220;Nuggets di pollo&#8221; &#8212; Shalom\" data-secret=\"sTRB6mvEA6\" frameborder=\"0\" marginwidth=\"0\" marginheight=\"0\" scrolling=\"no\" class=\"wp-embedded-content\"><\/iframe><script>\n\/*! This file is auto-generated *\/\n!function(d,l){\"use strict\";l.querySelector&&d.addEventListener&&\"undefined\"!=typeof URL&&(d.wp=d.wp||{},d.wp.receiveEmbedMessage||(d.wp.receiveEmbedMessage=function(e){var t=e.data;if((t||t.secret||t.message||t.value)&&!\/[^a-zA-Z0-9]\/.test(t.secret)){for(var s,r,n,a=l.querySelectorAll('iframe[data-secret=\"'+t.secret+'\"]'),o=l.querySelectorAll('blockquote[data-secret=\"'+t.secret+'\"]'),c=new RegExp(\"^https?:$\",\"i\"),i=0;i<o.length;i++)o[i].style.display=\"none\";for(i=0;i<a.length;i++)s=a[i],e.source===s.contentWindow&&(s.removeAttribute(\"style\"),\"height\"===t.message?(1e3<(r=parseInt(t.value,10))?r=1e3:~~r<200&&(r=200),s.height=r):\"link\"===t.message&&(r=new URL(s.getAttribute(\"src\")),n=new URL(t.value),c.test(n.protocol))&&n.host===r.host&&l.activeElement===s&&(d.top.location.href=t.value))}},d.addEventListener(\"message\",d.wp.receiveEmbedMessage,!1),l.addEventListener(\"DOMContentLoaded\",function(){for(var e,t,s=l.querySelectorAll(\"iframe.wp-embedded-content\"),r=0;r<s.length;r++)(t=(e=s[r]).getAttribute(\"data-secret\"))||(t=Math.random().toString(36).substring(2,12),e.src+=\"#?secret=\"+t,e.setAttribute(\"data-secret\",t)),e.contentWindow.postMessage({message:\"ready\",secret:t},\"*\")},!1)))}(window,document);\n\/\/# sourceURL=https:\/\/www.shalom.it\/wp-includes\/js\/wp-embed.min.js\n<\/script>\n","thumbnail_url":"https:\/\/www.shalom.it\/wp-content\/uploads\/2025\/02\/NUGGETS-DI-POLLO.jpg","thumbnail_width":1754,"thumbnail_height":1240,"description":"Si \u00e8 da poco conclusa la settimana della memoria. Ebbene s\u00ec, quella che era nata come una giornata per commemorare le vittime della Shoah, si \u00e8 trasformata in un\u2019intera settimana di incontri istituzionali. Mi sono ritrovata quindi a pensare al significato insito nel concetto di memoria. Nell\u2019ebraismo quello di ricordare \u00e8 un precetto. Durante le [&hellip;]"}

Si è da poco conclusa la settimana della memoria. Ebbene sì, quella che era nata come una giornata per commemorare le vittime della Shoah, si è trasformata in un’intera settimana di incontri istituzionali. Mi sono ritrovata quindi a pensare al significato insito nel concetto di memoria. Nell’ebraismo quello di ricordare è un precetto. Durante le [&hellip;]
